{"id":515,"date":"2024-03-18T23:30:35","date_gmt":"2024-03-18T23:30:35","guid":{"rendered":"https:\/\/confenacoope.com\/?page_id=515"},"modified":"2024-04-13T03:44:41","modified_gmt":"2024-04-13T03:44:41","slug":"boletines","status":"publish","type":"page","link":"https:\/\/confenacoope.com\/index.php\/boletines\/","title":{"rendered":"Boletines"},"content":{"rendered":"\n<figure data-wp-context=\"{&quot;imageId&quot;:&quot;69f1d77c26993&quot;}\" data-wp-interactive=\"core\/image\" class=\"wp-block-image alignfull size-full wp-lightbox-container\"><img loading=\"lazy\" decoding=\"async\" width=\"960\" height=\"184\" data-wp-class--hide=\"state.isContentHidden\" data-wp-class--show=\"state.isContentVisible\" data-wp-init=\"callbacks.setButtonStyles\" data-wp-on-async--click=\"actions.showLightbox\" data-wp-on-async--load=\"callbacks.setButtonStyles\" data-wp-on-async-window--resize=\"callbacks.setButtonStyles\" src=\"https:\/\/confenacoope.com\/wp-content\/uploads\/2024\/03\/banner-boletin.jpg\" alt=\"\" class=\"wp-image-536\" srcset=\"https:\/\/confenacoope.com\/wp-content\/uploads\/2024\/03\/banner-boletin.jpg 960w, https:\/\/confenacoope.com\/wp-content\/uploads\/2024\/03\/banner-boletin-300x58.jpg 300w, https:\/\/confenacoope.com\/wp-content\/uploads\/2024\/03\/banner-boletin-768x147.jpg 768w\" sizes=\"auto, (max-width: 960px) 100vw, 960px\" \/><button\n\t\t\tclass=\"lightbox-trigger\"\n\t\t\ttype=\"button\"\n\t\t\taria-haspopup=\"dialog\"\n\t\t\taria-label=\"Agrandar\"\n\t\t\tdata-wp-init=\"callbacks.initTriggerButton\"\n\t\t\tdata-wp-on-async--click=\"actions.showLightbox\"\n\t\t\tdata-wp-style--right=\"state.imageButtonRight\"\n\t\t\tdata-wp-style--top=\"state.imageButtonTop\"\n\t\t>\n\t\t\t<svg xmlns=\"http:\/\/www.w3.org\/2000\/svg\" width=\"12\" height=\"12\" fill=\"none\" viewBox=\"0 0 12 12\">\n\t\t\t\t<path fill=\"#fff\" d=\"M2 0a2 2 0 0 0-2 2v2h1.5V2a.5.5 0 0 1 .5-.5h2V0H2Zm2 10.5H2a.5.5 0 0 1-.5-.5V8H0v2a2 2 0 0 0 2 2h2v-1.5ZM8 12v-1.5h2a.5.5 0 0 0 .5-.5V8H12v2a2 2 0 0 1-2 2H8Zm2-12a2 2 0 0 1 2 2v2h-1.5V2a.5.5 0 0 0-.5-.5H8V0h2Z\" \/>\n\t\t\t<\/svg>\n\t\t<\/button><\/figure>\n\n\n\n<div class=\"wp-block-group alignfull has-accent-5-background-color has-background has-global-padding is-layout-constrained wp-container-core-group-is-layout-d89aad35 wp-block-group-is-layout-constrained\" style=\"margin-top:0;margin-bottom:0;padding-top:var(--wp--preset--spacing--50);padding-right:var(--wp--preset--spacing--50);padding-bottom:var(--wp--preset--spacing--50);padding-left:var(--wp--preset--spacing--50)\">\n<div class=\"wp-block-columns is-layout-flex wp-container-core-columns-is-layout-28f84493 wp-block-columns-is-layout-flex\">\n<div class=\"wp-block-column is-layout-flow wp-block-column-is-layout-flow\">\n<figure class=\"wp-block-image size-full\"><a href=\"https:\/\/drive.google.com\/file\/d\/1cYoPiVqgiBezYlbBx6xwPy-cREExfUCD\/view?usp=sharing\"><img loading=\"lazy\" decoding=\"async\" width=\"643\" height=\"905\" src=\"https:\/\/confenacoope.com\/wp-content\/uploads\/2024\/03\/boetin1.jpg\" alt=\"\" class=\"wp-image-517\" srcset=\"https:\/\/confenacoope.com\/wp-content\/uploads\/2024\/03\/boetin1.jpg 643w, https:\/\/confenacoope.com\/wp-content\/uploads\/2024\/03\/boetin1-213x300.jpg 213w\" sizes=\"auto, (max-width: 643px) 100vw, 643px\" \/><\/a><figcaption class=\"wp-element-caption\"><strong>Bolet\u00edn N\u00b0 1<\/strong><\/figcaption><\/figure>\n<\/div>\n\n\n\n<div class=\"wp-block-column is-layout-flow wp-block-column-is-layout-flow\">\n<figure class=\"wp-block-image aligncenter size-full is-resized\"><a href=\"https:\/\/drive.google.com\/file\/d\/1h9uNP435mqhorPW6vcUhjpSV8oaXUEZx\/view?usp=sharing\"><img loading=\"lazy\" decoding=\"async\" width=\"645\" height=\"885\" src=\"https:\/\/confenacoope.com\/wp-content\/uploads\/2024\/03\/boetin2.jpg\" alt=\"\" class=\"wp-image-519\" style=\"width:198px;height:auto\" srcset=\"https:\/\/confenacoope.com\/wp-content\/uploads\/2024\/03\/boetin2.jpg 645w, https:\/\/confenacoope.com\/wp-content\/uploads\/2024\/03\/boetin2-219x300.jpg 219w\" sizes=\"auto, (max-width: 645px) 100vw, 645px\" \/><\/a><figcaption class=\"wp-element-caption\">Bolet\u00edn N\u00b0 2<\/figcaption><\/figure>\n<\/div>\n\n\n\n<div class=\"wp-block-column is-layout-flow wp-block-column-is-layout-flow\">\n<figure class=\"wp-block-image aligncenter size-full is-resized\"><a href=\"https:\/\/drive.google.com\/file\/d\/1yF2WZAw57y043h_cqDNABwQf0AxW4t_U\/view?usp=sharing\"><img loading=\"lazy\" decoding=\"async\" width=\"644\" height=\"876\" src=\"https:\/\/confenacoope.com\/wp-content\/uploads\/2024\/03\/boletin3.jpg\" alt=\"\" class=\"wp-image-520\" style=\"width:201px;height:auto\" srcset=\"https:\/\/confenacoope.com\/wp-content\/uploads\/2024\/03\/boletin3.jpg 644w, https:\/\/confenacoope.com\/wp-content\/uploads\/2024\/03\/boletin3-221x300.jpg 221w\" sizes=\"auto, (max-width: 644px) 100vw, 644px\" \/><\/a><figcaption class=\"wp-element-caption\">Bolet\u00edn N\u00b03<\/figcaption><\/figure>\n<\/div>\n<\/div>\n\n\n\n<div class=\"wp-block-columns is-layout-flex wp-container-core-columns-is-layout-28f84493 wp-block-columns-is-layout-flex\">\n<div class=\"wp-block-column is-vertically-aligned-top is-layout-flow wp-block-column-is-layout-flow\">\n<figure class=\"wp-block-image aligncenter size-full is-resized\"><a href=\"https:\/\/drive.google.com\/file\/d\/1ZY4isGRJP4JEua2YZHIAaczmJZGwHozJ\/view?usp=sharing\"><img loading=\"lazy\" decoding=\"async\" width=\"648\" height=\"870\" src=\"https:\/\/confenacoope.com\/wp-content\/uploads\/2024\/03\/boletin4.jpg\" alt=\"\" class=\"wp-image-521\" style=\"width:209px;height:auto\" srcset=\"https:\/\/confenacoope.com\/wp-content\/uploads\/2024\/03\/boletin4.jpg 648w, https:\/\/confenacoope.com\/wp-content\/uploads\/2024\/03\/boletin4-223x300.jpg 223w\" sizes=\"auto, (max-width: 648px) 100vw, 648px\" \/><\/a><figcaption class=\"wp-element-caption\">Bolet\u00edn N\u00b0 4<\/figcaption><\/figure>\n<\/div>\n\n\n\n<div class=\"wp-block-column is-layout-flow wp-block-column-is-layout-flow\">\n<figure class=\"wp-block-image aligncenter size-full is-resized\"><a href=\"https:\/\/drive.google.com\/file\/d\/1GLSefL8hQ2fV-XX2OXTlGLSXMy40NeGv\/view?usp=sharing\"><img loading=\"lazy\" decoding=\"async\" width=\"644\" height=\"872\" src=\"https:\/\/confenacoope.com\/wp-content\/uploads\/2024\/03\/boletin5.jpg\" alt=\"\" class=\"wp-image-522\" style=\"width:208px;height:auto\" srcset=\"https:\/\/confenacoope.com\/wp-content\/uploads\/2024\/03\/boletin5.jpg 644w, https:\/\/confenacoope.com\/wp-content\/uploads\/2024\/03\/boletin5-222x300.jpg 222w\" sizes=\"auto, (max-width: 644px) 100vw, 644px\" \/><\/a><figcaption class=\"wp-element-caption\">Bolet\u00edn N\u00b0 5<\/figcaption><\/figure>\n<\/div>\n<\/div>\n\n\n\n<div class=\"wp-block-kadence-spacer aligncenter kt-block-spacer-515_f0ea6f-b4\"><div class=\"kt-block-spacer kt-block-spacer-halign-center\"><hr class=\"kt-divider\"\/><\/div><\/div>\n\n\n\n<p class=\"has-text-align-center has-contrast-color has-text-color has-link-color wp-elements-214d0515b3483ae3b44a84d68cefcb8d\">Director General : Ever Ventura Rodr\u00edguez<br>Director : Julio Arias A\u00f1azgo<br>Editora : Katia Re\u00e1tegui Herrera<\/p>\n<\/div>\n","protected":false},"excerpt":{"rendered":"<p>Director General : Ever Ventura Rodr\u00edguezDirector : Julio Arias A\u00f1azgoEditora : Katia Re\u00e1tegui Herrera<\/p>\n","protected":false},"author":1,"featured_media":0,"parent":0,"menu_order":0,"comment_status":"closed","ping_status":"closed","template":"","meta":{"footnotes":""},"class_list":["post-515","page","type-page","status-publish","hentry"],"_links":{"self":[{"href":"https:\/\/confenacoope.com\/index.php\/wp-json\/wp\/v2\/pages\/515","targetHints":{"allow":["GET"]}}],"collection":[{"href":"https:\/\/confenacoope.com\/index.php\/wp-json\/wp\/v2\/pages"}],"about":[{"href":"https:\/\/confenacoope.com\/index.php\/wp-json\/wp\/v2\/types\/page"}],"author":[{"embeddable":true,"href":"https:\/\/confenacoope.com\/index.php\/wp-json\/wp\/v2\/users\/1"}],"replies":[{"embeddable":true,"href":"https:\/\/confenacoope.com\/index.php\/wp-json\/wp\/v2\/comments?post=515"}],"version-history":[{"count":7,"href":"https:\/\/confenacoope.com\/index.php\/wp-json\/wp\/v2\/pages\/515\/revisions"}],"predecessor-version":[{"id":1015,"href":"https:\/\/confenacoope.com\/index.php\/wp-json\/wp\/v2\/pages\/515\/revisions\/1015"}],"wp:attachment":[{"href":"https:\/\/confenacoope.com\/index.php\/wp-json\/wp\/v2\/media?parent=515"}],"curies":[{"name":"wp","href":"https:\/\/api.w.org\/{rel}","templated":true}]}}