{"id":38,"date":"2024-03-12T22:22:18","date_gmt":"2024-03-12T22:22:18","guid":{"rendered":"https:\/\/confenacoope.com\/?page_id=38"},"modified":"2024-04-13T04:06:42","modified_gmt":"2024-04-13T04:06:42","slug":"quienes-somos","status":"publish","type":"page","link":"https:\/\/confenacoope.com\/index.php\/quienes-somos\/","title":{"rendered":"Quienes somos"},"content":{"rendered":"\n<div class=\"wp-block-group alignfull has-global-padding is-layout-constrained wp-block-group-is-layout-constrained\">\n<div class=\"wp-block-cover alignfull is-light has-custom-content-position is-position-bottom-center\" style=\"padding-top:var(--wp--preset--spacing--30);padding-right:var(--wp--preset--spacing--30);padding-bottom:var(--wp--preset--spacing--30);padding-left:var(--wp--preset--spacing--30);min-height:504px;aspect-ratio:unset;\"><span aria-hidden=\"true\" class=\"wp-block-cover__background has-black-background-color has-background-dim\"><\/span><img loading=\"lazy\" decoding=\"async\" width=\"2000\" height=\"718\" class=\"wp-block-cover__image-background wp-image-328\" alt=\"\" src=\"https:\/\/confenacoope.com\/wp-content\/uploads\/2024\/03\/fondo-1.png\" style=\"object-position:51% 15%\" data-object-fit=\"cover\" data-object-position=\"51% 15%\" srcset=\"https:\/\/confenacoope.com\/wp-content\/uploads\/2024\/03\/fondo-1.png 2000w, https:\/\/confenacoope.com\/wp-content\/uploads\/2024\/03\/fondo-1-300x108.png 300w, https:\/\/confenacoope.com\/wp-content\/uploads\/2024\/03\/fondo-1-1024x368.png 1024w, https:\/\/confenacoope.com\/wp-content\/uploads\/2024\/03\/fondo-1-768x276.png 768w, https:\/\/confenacoope.com\/wp-content\/uploads\/2024\/03\/fondo-1-1536x551.png 1536w\" sizes=\"auto, (max-width: 2000px) 100vw, 2000px\" \/><div class=\"wp-block-cover__inner-container is-layout-flow wp-block-cover-is-layout-flow\">\n<h1 class=\"wp-block-heading has-text-align-center has-base-color has-text-color has-link-color wp-elements-d473965fc2db216f4a1b051f70d9d705\"><strong>QUIENES SOMOS<\/strong><\/h1>\n\n\n\n<div class=\"wp-block-columns is-layout-flex wp-container-core-columns-is-layout-28f84493 wp-block-columns-is-layout-flex\">\n<div class=\"wp-block-column is-layout-flow wp-block-column-is-layout-flow\" style=\"flex-basis:25%\"><\/div>\n\n\n\n<div class=\"wp-block-column is-layout-flow wp-block-column-is-layout-flow\" style=\"flex-basis:50%\">\n<h2 class=\"kt-adv-heading38_9cc828-7d wp-block-kadence-advancedheading has-base-color has-text-color\" data-kb-block=\"kb-adv-heading38_9cc828-7d\"><strong>Somos el m\u00e1ximo organismo de integraci\u00f3n, representaci\u00f3n y defensa del movimiento cooperativo&nbsp;peruano, defensora de su doctrina, basados en principios y valores, a trav\u00e9s de una permanente&nbsp;educaci\u00f3n cooperativa en todos sus niveles.<\/strong><\/h2>\n\n\n\n<div class=\"wp-block-kadence-spacer aligncenter kt-block-spacer-38_be14f8-c9\"><div class=\"kt-block-spacer kt-block-spacer-halign-center\"><hr class=\"kt-divider\"\/><\/div><\/div>\n<\/div>\n\n\n\n<div class=\"wp-block-column is-layout-flow wp-block-column-is-layout-flow\" style=\"flex-basis:25%\"><\/div>\n<\/div>\n\n\n\n<div class=\"wp-block-kadence-advancedbtn kb-buttons-wrap kb-btns38_18f779-43\"><a class=\"kb-button kt-button button kb-btn38_f4f184-d6 kt-btn-size-small kt-btn-width-type-auto kb-btn-global-fill kt-btn-has-text-true kt-btn-has-svg-false wp-block-kadence-singlebtn\" href=\"https:\/\/confenacoope.com\/index.php\/actividades\/\"><span class=\"kt-btn-inner-text\">ACTIVIDADES INSTITUCIONALES<\/span><\/a>\n\n<a class=\"kb-button kt-button button kb-btn38_00ba03-9b kt-btn-size-small kt-btn-width-type-auto kb-btn-global-fill kt-btn-has-text-true kt-btn-has-svg-false wp-block-kadence-singlebtn\" href=\"https:\/\/confenacoope.com\/?page_id=343\"><span class=\"kt-btn-inner-text\">PRINCIPIOS Y VALORES COOPERATIVOS<\/span><\/a>\n\n<a class=\"kb-button kt-button button kb-btn38_b7dd84-13 kt-btn-size-small kt-btn-width-type-auto kb-btn-global-fill kt-btn-has-text-true kt-btn-has-svg-false wp-block-kadence-singlebtn\" href=\"https:\/\/confenacoope.com\/index.php\/boletines\/\"><span class=\"kt-btn-inner-text\">BOLETINES INFORMATIVOS<\/span><\/a>\n\n<a class=\"kb-button kt-button button kb-btn38_b0943e-d4 kt-btn-size-small kt-btn-width-type-auto kb-btn-global-fill kt-btn-has-text-true kt-btn-has-svg-false wp-block-kadence-singlebtn\" href=\"https:\/\/confenacoope.com\/index.php\/galeria\/\"><span class=\"kt-btn-inner-text\">MEMORIA FOTOGR\u00c1FICA<\/span><\/a><\/div>\n<\/div><\/div>\n<\/div>\n\n\n\n<div class=\"wp-block-group alignfull has-background has-global-padding is-layout-constrained wp-container-core-group-is-layout-669513ed wp-block-group-is-layout-constrained\" style=\"background-color:#e0e0db;margin-top:0;margin-bottom:0;padding-top:var(--wp--preset--spacing--50);padding-right:var(--wp--preset--spacing--50);padding-bottom:var(--wp--preset--spacing--50);padding-left:var(--wp--preset--spacing--50)\">\n<div class=\"wp-block-columns alignwide is-layout-flex wp-container-core-columns-is-layout-28f84493 wp-block-columns-is-layout-flex\">\n<div class=\"wp-block-column is-layout-flow wp-block-column-is-layout-flow\">\n<h3 class=\"wp-block-heading has-text-color has-link-color has-large-font-size wp-elements-7b8cedc2515e83083113e1ce29121776\" style=\"color:#253551\"><strong>Misi\u00f3n<\/strong><\/h3>\n\n\n\n<p class=\"has-contrast-color has-text-color has-link-color wp-elements-ca9c08b8dd08c46113f357ed5b21bdef\" style=\"margin-right:0;margin-left:0\">Ser un movimiento representativo del sector social de la econom\u00eda que promueva la educaci\u00f3n,&nbsp;la innovaci\u00f3n y la investigaci\u00f3n a fin de alcanzar y garantizar la sostenibilidad socio econ\u00f3mica,&nbsp;mejoramiento de la calidad de vida y medio ambiental de sus socios y comunidad.&nbsp;<\/p>\n\n\n\n<div class=\"wp-block-kadence-spacer aligncenter kt-block-spacer-38_131ddc-30\"><div class=\"kt-block-spacer kt-block-spacer-halign-center\"><hr class=\"kt-divider\"\/><\/div><\/div>\n\n\n\n<h2 class=\"wp-block-heading has-text-color has-link-color has-large-font-size wp-elements-2c2b1367063bf173905b1c12b1b41fb6\" style=\"color:#253551\"><strong>Visi\u00f3n<\/strong><\/h2>\n\n\n\n<p class=\"has-contrast-color has-text-color has-link-color wp-elements-5b69f14d16347f559a55948ba770d2e1\">Ser el m\u00e1ximo organismo de integraci\u00f3n, representaci\u00f3n y defensa del movimiento cooperativo&nbsp;peruano, defensora de su doctrina, basados en principios y valores, a trav\u00e9s de una permanente&nbsp;educaci\u00f3n cooperativa en todos sus niveles.<\/p>\n<\/div>\n\n\n\n<div class=\"wp-block-column is-vertically-aligned-center is-layout-flow wp-block-column-is-layout-flow\">\n<figure data-wp-context=\"{&quot;imageId&quot;:&quot;69e1202ade837&quot;}\" data-wp-interactive=\"core\/image\" class=\"wp-block-image aligncenter size-full wp-lightbox-container\"><img loading=\"lazy\" decoding=\"async\" width=\"650\" height=\"231\" data-wp-class--hide=\"state.isContentHidden\" data-wp-class--show=\"state.isContentVisible\" data-wp-init=\"callbacks.setButtonStyles\" data-wp-on-async--click=\"actions.showLightbox\" data-wp-on-async--load=\"callbacks.setButtonStyles\" data-wp-on-async-window--resize=\"callbacks.setButtonStyles\" src=\"https:\/\/confenacoope.com\/wp-content\/uploads\/2024\/03\/VANNER1.png\" alt=\"\" class=\"wp-image-318\" srcset=\"https:\/\/confenacoope.com\/wp-content\/uploads\/2024\/03\/VANNER1.png 650w, https:\/\/confenacoope.com\/wp-content\/uploads\/2024\/03\/VANNER1-300x107.png 300w\" sizes=\"auto, (max-width: 650px) 100vw, 650px\" \/><button\n\t\t\tclass=\"lightbox-trigger\"\n\t\t\ttype=\"button\"\n\t\t\taria-haspopup=\"dialog\"\n\t\t\taria-label=\"Agrandar\"\n\t\t\tdata-wp-init=\"callbacks.initTriggerButton\"\n\t\t\tdata-wp-on-async--click=\"actions.showLightbox\"\n\t\t\tdata-wp-style--right=\"state.imageButtonRight\"\n\t\t\tdata-wp-style--top=\"state.imageButtonTop\"\n\t\t>\n\t\t\t<svg xmlns=\"http:\/\/www.w3.org\/2000\/svg\" width=\"12\" height=\"12\" fill=\"none\" viewBox=\"0 0 12 12\">\n\t\t\t\t<path fill=\"#fff\" d=\"M2 0a2 2 0 0 0-2 2v2h1.5V2a.5.5 0 0 1 .5-.5h2V0H2Zm2 10.5H2a.5.5 0 0 1-.5-.5V8H0v2a2 2 0 0 0 2 2h2v-1.5ZM8 12v-1.5h2a.5.5 0 0 0 .5-.5V8H12v2a2 2 0 0 1-2 2H8Zm2-12a2 2 0 0 1 2 2v2h-1.5V2a.5.5 0 0 0-.5-.5H8V0h2Z\" \/>\n\t\t\t<\/svg>\n\t\t<\/button><\/figure>\n<\/div>\n<\/div>\n\n\n\n<div class=\"wp-block-kadence-spacer alignfull kt-block-spacer-38_13139e-4c\"><div class=\"kt-block-spacer kt-block-spacer-halign-center\"><hr class=\"kt-divider\"\/><\/div><\/div>\n\n\n\n<div class=\"wp-block-media-text alignwide has-media-on-the-right is-stacked-on-mobile is-vertically-aligned-top\" style=\"grid-template-columns:auto 48%\"><div class=\"wp-block-media-text__content\">\n<h3 class=\"wp-block-heading has-text-color has-link-color has-large-font-size wp-elements-cdf41cc3b6f2c1aace4b0f31e91bc531\" style=\"color:#253551\"><strong>Fines, objetivos y estructura<\/strong><\/h3>\n\n\n\n<p class=\"has-text-color has-link-color has-medium-font-size wp-elements-29aac864489708f759c3dc239c6eaa30\" style=\"color:#253551\"><strong>FINES Y OBJETIVOS<\/strong><\/p>\n\n\n\n<p class=\"has-text-align-left has-contrast-color has-text-color has-link-color wp-elements-a16e4f9a642ffbb7bba744b8a4e92f8b\">La Confederaci\u00f3n Nacional de Cooperativas del Per\u00fa tiene como fines y objetivos exclusivas:<\/p>\n\n\n\n<ol class=\"wp-block-list\" style=\"list-style-type:lower-alpha\">\n<li>De representaci\u00f3n del movimiento cooperativo peruana en el interior y exterior del pa\u00eds,<\/li>\n\n\n\n<li>De car\u00e1cter gremial, que defiende, fomenta y coordina el desarrollo del cooperativismo, la vigencia, sus principias universales e intereses de las organizaciones cooperativas, y de integraci\u00f3n.<\/li>\n\n\n\n<li>Promueve intensiva y permanentemente  la educaci\u00f3n cooperativa en todos los niveles del movimiento peruano y en los dem\u00e1s sectores.<\/li>\n<\/ol>\n\n\n\n<p class=\"has-text-color has-link-color wp-elements-03414a04f47513ad86d1e33119436a50\" style=\"color:#253551\"><strong>DOCUMENTOS DE GESTI\u00d3N<\/strong><\/p>\n\n\n\n<div class=\"wp-block-kadence-advancedbtn kb-buttons-wrap kb-btns38_645602-2c\"><a class=\"kb-button kt-button button kb-btn38_74fe09-a7 kt-btn-size-standard kt-btn-width-type-auto kb-btn-global-fill kt-btn-has-text-true kt-btn-has-svg-false wp-block-kadence-singlebtn\" href=\"https:\/\/drive.google.com\/file\/d\/1kkGL8rS6eBLUy5bYdD2unWxvonXrILht\/view?usp=sharing\"><span class=\"kt-btn-inner-text\">Estatuto Confenacoop   <\/span><\/a>\n\n<a class=\"kb-button kt-button button kb-btn38_4b1a16-71 kt-btn-size-standard kt-btn-width-type-auto kb-btn-global-fill kt-btn-has-text-true kt-btn-has-svg-false wp-block-kadence-singlebtn\" href=\"https:\/\/drive.google.com\/file\/d\/11G3VF5auHRUIWp1HgPcXbzNU604Qi8Cc\/view?usp=sharing\"><span class=\"kt-btn-inner-text\">Plan estrat\u00e9gico 2024-2025<\/span><\/a><\/div>\n\n\n\n<div class=\"wp-block-kadence-spacer aligncenter kt-block-spacer-38_a02209-11\"><div class=\"kt-block-spacer kt-block-spacer-halign-center\"><hr class=\"kt-divider\"\/><\/div><\/div>\n\n\n\n<div class=\"wp-block-kadence-advancedbtn kb-buttons-wrap kb-btns38_064cce-93\"><a class=\"kb-button kt-button button kb-btn38_3d41d3-05 kt-btn-size-standard kt-btn-width-type-auto kb-btn-global-fill kt-btn-has-text-true kt-btn-has-svg-false wp-block-kadence-singlebtn\" href=\"https:\/\/drive.google.com\/file\/d\/11vInebIeUux-bZujcQwvKN0LanemWo1D\/view?usp=sharing\"><span class=\"kt-btn-inner-text\">Manual de Cooperativas        <\/span><\/a>\n\n<a class=\"kb-button kt-button button kb-btn38_5b68fa-12 kt-btn-size-standard kt-btn-width-type-auto kb-btn-global-fill kt-btn-has-text-true kt-btn-has-svg-false wp-block-kadence-singlebtn\" href=\"https:\/\/drive.google.com\/file\/d\/1sI5vCj1_8YHoJjlYqz2vJy4wHXvwAeTJ\/view?usp=sharing\"><span class=\"kt-btn-inner-text\">Conoce a Confenacoop <\/span><\/a>\n\n<a class=\"kb-button kt-button button kb-btn38_0bf5cf-9d kt-btn-size-standard kt-btn-width-type-auto kb-btn-global-fill kt-btn-has-text-true kt-btn-has-svg-false wp-block-kadence-singlebtn\" href=\"https:\/\/drive.google.com\/file\/d\/1hhneY3KN5_KplMivynieCTTMHzgluZNa\/view?usp=sharing\"><span class=\"kt-btn-inner-text\">Estad\u00edstica Cooperativas 2017<\/span><\/a><\/div>\n<\/div><figure class=\"wp-block-media-text__media\"><img loading=\"lazy\" decoding=\"async\" width=\"1024\" height=\"963\" src=\"https:\/\/confenacoope.com\/wp-content\/uploads\/2024\/03\/ESTRUCTURA_upscayl_4x_realesrgan-x4plus-anime-2-1024x963.png\" alt=\"\" class=\"wp-image-372 size-full\" srcset=\"https:\/\/confenacoope.com\/wp-content\/uploads\/2024\/03\/ESTRUCTURA_upscayl_4x_realesrgan-x4plus-anime-2-1024x963.png 1024w, https:\/\/confenacoope.com\/wp-content\/uploads\/2024\/03\/ESTRUCTURA_upscayl_4x_realesrgan-x4plus-anime-2-300x282.png 300w, https:\/\/confenacoope.com\/wp-content\/uploads\/2024\/03\/ESTRUCTURA_upscayl_4x_realesrgan-x4plus-anime-2-768x722.png 768w, https:\/\/confenacoope.com\/wp-content\/uploads\/2024\/03\/ESTRUCTURA_upscayl_4x_realesrgan-x4plus-anime-2-1536x1444.png 1536w, https:\/\/confenacoope.com\/wp-content\/uploads\/2024\/03\/ESTRUCTURA_upscayl_4x_realesrgan-x4plus-anime-2-2048x1925.png 2048w\" sizes=\"auto, (max-width: 1024px) 100vw, 1024px\" \/><\/figure><\/div>\n\n\n\n<div class=\"wp-block-kadence-spacer alignfull kt-block-spacer-38_7f3270-9f\"><div class=\"kt-block-spacer kt-block-spacer-halign-center\"><hr class=\"kt-divider\"\/><\/div><\/div>\n\n\n\n<div class=\"wp-block-columns alignwide is-layout-flex wp-container-core-columns-is-layout-28f84493 wp-block-columns-is-layout-flex\">\n<div class=\"wp-block-column is-layout-flow wp-block-column-is-layout-flow\" style=\"flex-basis:1000px\">\n<h2 class=\"wp-block-heading has-text-align-left has-text-color has-link-color has-large-font-size wp-elements-98bcd428abc3d6c527c6ac7de44c0b70\" style=\"color:#253551\"><strong>Base legal, domicilio y duraci\u00f3n<\/strong><\/h2>\n\n\n\n<div class=\"wp-block-kadence-spacer aligncenter kt-block-spacer-38_b38e30-38\"><div class=\"kt-block-spacer kt-block-spacer-halign-center\"><hr class=\"kt-divider\"\/><\/div><\/div>\n\n\n\n<p class=\"has-contrast-color has-text-color has-link-color wp-elements-c553216eb62be389c9f817196544b1b1\" style=\"margin-right:var(--wp--preset--spacing--20);margin-left:var(--wp--preset--spacing--20)\">\u00abCONFENACOOP\u00bb, se constituye como una asociaci\u00f3n sin fines de lucro con personer\u00eda jur\u00eddica de Derecho Privado, Cuyas actividades, Se iniciaron desde Su constituci\u00f3n, e inscripci\u00f3n en los Registros de personas Jur\u00eddicas del Distrito Registral de Lima.<br><br>La Confederaci\u00f3n sin perjuicio de su calidad de Asociaci\u00f3n se rige por su Estatuto, sus Reglamentos, y dem\u00e1s normas pertinentes establecidas en la Ley General de Cooperativas TUC DS. 074-90-TR, supletoriamente las normas del C\u00f3digo Civil relativas a Las Asociaciones en cuanto le fueren aplicables, y por los principios universales del Cooperativismo y a falta de \u00e9stas por el Derecho Com\u00fan.<br>&nbsp;<br>El domicilio de la Confederaci\u00f3n es la Ciudad de Lima, Provincia de Lima, Departamento de Lima, en la Rep\u00fablica del Per\u00fa, ejerce su acci\u00f3n en todo el territorio nacional y est\u00e1 autorizada para instalar oficinas en cualquier lugar del pa\u00eds. La duraci\u00f3n de la Confederaci\u00f3n es de car\u00e1cter indefinido.<\/p>\n<\/div>\n\n\n\n<div class=\"wp-block-column is-layout-flow wp-block-column-is-layout-flow\" style=\"flex-basis:30px\"><\/div>\n\n\n\n<div class=\"wp-block-column is-layout-flow wp-block-column-is-layout-flow\" style=\"flex-basis:1000px\">\n<h2 class=\"wp-block-heading has-text-align-center has-text-color has-link-color has-large-font-size wp-elements-1da3ec3491656fbcf262f671bfe9c9c8\" style=\"color:#253551\"><strong>Cuadro directivo del Organo de Gobierno<\/strong><\/h2>\n\n\n\n<h2 class=\"wp-block-heading has-text-align-center has-text-color has-link-color has-large-font-size wp-elements-61b95fe56d655201b962b5f2fe63d690\" style=\"color:#253551\"><strong>CONFENACOOP 2024- 2025<\/strong><\/h2>\n\n\n\n<div class=\"wp-block-kadence-spacer aligncenter kt-block-spacer-38_5a4592-f1\"><div class=\"kt-block-spacer kt-block-spacer-halign-center\"><hr class=\"kt-divider\"\/><\/div><\/div>\n\n\n\n<p class=\"has-contrast-color has-text-color has-link-color wp-elements-3cf091361e2a57ddee558f5a7e5eee39\"><strong>CONSEJO DE ADMINISTRACI\u00d3N:<\/strong><\/p>\n\n\n\n<p class=\"has-contrast-color has-text-color has-link-color wp-elements-9f64333b4874ea0c246c440e1a912e24\"><strong>Presidente: Ever Ventura Rodr\u00edguez<\/strong><\/p>\n\n\n\n<p class=\"has-contrast-color has-text-color has-link-color wp-elements-f8e2a8beac52f50d1eaaf7485a04545f\"><strong>Vicepresidente: Pedro Pablo Ccori Mullisaca<\/strong><\/p>\n\n\n\n<p class=\"has-contrast-color has-text-color has-link-color wp-elements-77b8296535b710328aceffb0c929b619\"><strong>Secretario: Miguel Santiago Velarde Valladares<\/strong><\/p>\n\n\n\n<p class=\"has-contrast-color has-text-color has-link-color wp-elements-88da011d704c2039a6934c221a89ba70\"><strong>Vocal: Carlos Vargas Lamela<\/strong><\/p>\n\n\n\n<div class=\"wp-block-kadence-spacer aligncenter kt-block-spacer-38_7a1889-52\"><div class=\"kt-block-spacer kt-block-spacer-halign-center\"><hr class=\"kt-divider\"\/><\/div><\/div>\n\n\n\n<p class=\"has-contrast-color has-text-color has-link-color wp-elements-8941493d1218725d3c19e69bd772af04\"><strong>CONSEJO DE VIGILANCIA<\/strong><\/p>\n\n\n\n<p class=\"has-contrast-color has-text-color has-link-color wp-elements-9e4622e158a2288e909be800039132d4\"><strong>Presidente: Carlos Vargas Lamela<\/strong><\/p>\n\n\n\n<p class=\"has-contrast-color has-text-color has-link-color wp-elements-9cecd26e03e3239c72ca3ee8092695d1\"><strong>Vicepresidente: Jorge Enrique Chujutalli Pinedo<\/strong><\/p>\n\n\n\n<p class=\"has-contrast-color has-text-color has-link-color wp-elements-2b9567670276ad17ef0d4515dcc67b5e\"><strong>Secretario: Oscar Gabino Arce S\u00e1nchez<\/strong><\/p>\n\n\n\n<p class=\"has-contrast-color has-text-color has-link-color wp-elements-ca7803ee2dce45b5922f61e8c66d627a\"><strong>Vocal: Luis Felipe Ventocilla Chirinos<\/strong><\/p>\n\n\n\n<div class=\"wp-block-kadence-spacer aligncenter kt-block-spacer-38_8c1c18-75\"><div class=\"kt-block-spacer kt-block-spacer-halign-center\"><hr class=\"kt-divider\"\/><\/div><\/div>\n\n\n\n<p class=\"has-contrast-color has-text-color has-link-color wp-elements-c79a859704587fdf9dd3e66642f2d58e\"><strong>COMIT\u00c9 ELECTORAL:<\/strong><\/p>\n\n\n\n<p class=\"has-contrast-color has-text-color has-link-color wp-elements-bec07f2631ea3938fa00a831a38f6310\"><strong>Presidente: Roberto Mamani Ccama<\/strong><\/p>\n\n\n\n<p class=\"has-contrast-color has-text-color has-link-color wp-elements-7341528809dec0299f8175c4ca48aa4b\"><strong>Vicepresidente: Manuel \u00c1ngel Crespo M\u00e1rquez<\/strong><\/p>\n\n\n\n<div class=\"wp-block-kadence-spacer aligncenter kt-block-spacer-38_3742b5-59\"><div class=\"kt-block-spacer kt-block-spacer-halign-center\"><hr class=\"kt-divider\"\/><\/div><\/div>\n\n\n\n<p class=\"has-contrast-color has-text-color has-link-color wp-elements-a3a033bc78a394eda0bb8b70a85a4758\"><strong>COMIT\u00c9 EDUCACI\u00d3N<\/strong><\/p>\n\n\n\n<p class=\"has-contrast-color has-text-color has-link-color wp-elements-31209b47c27ecdbd44d4f95b9a9d0c75\"><strong>Presidente: Pedro Pablo Ccori Mullisaca<\/strong><\/p>\n\n\n\n<p class=\"has-contrast-color has-text-color has-link-color wp-elements-6f1d7246a0c50cd0146c7fa2cfce3814\"><strong>Vice presidente: Carlos Paul Ancco Ramos<\/strong><\/p>\n\n\n\n<p class=\"has-contrast-color has-text-color has-link-color wp-elements-97b1960f80bc68f2b49e12151dfba196\"><strong>Secretario: Miguel Velarde Valladares<\/strong><\/p>\n\n\n\n<div class=\"wp-block-kadence-spacer aligncenter kt-block-spacer-38_392e09-6b\"><div class=\"kt-block-spacer kt-block-spacer-halign-center\"><hr class=\"kt-divider\"\/><\/div><\/div>\n\n\n\n<p class=\"has-contrast-color has-text-color has-link-color wp-elements-c703b9b83d10325415d90dbacf33bcf8\"><strong>GERENTE GENERAL&nbsp;&nbsp;&nbsp; Lic. Julio Arias A\u00f1azgo<\/strong><\/p>\n<\/div>\n<\/div>\n<\/div>\n","protected":false},"excerpt":{"rendered":"<p>Misi\u00f3n Ser un movimiento representativo del sector social de la econom\u00eda que promueva la educaci\u00f3n,&nbsp;la innovaci\u00f3n y la investigaci\u00f3n a fin de alcanzar y garantizar la sostenibilidad socio econ\u00f3mica,&nbsp;mejoramiento de la calidad de vida y medio ambiental de sus socios y comunidad.&nbsp; Visi\u00f3n Ser el m\u00e1ximo organismo de integraci\u00f3n, representaci\u00f3n y defensa del movimiento cooperativo&nbsp;peruano, [&hellip;]<\/p>\n","protected":false},"author":1,"featured_media":0,"parent":0,"menu_order":0,"comment_status":"closed","ping_status":"closed","template":"","meta":{"footnotes":""},"class_list":["post-38","page","type-page","status-publish","hentry"],"_links":{"self":[{"href":"https:\/\/confenacoope.com\/index.php\/wp-json\/wp\/v2\/pages\/38","targetHints":{"allow":["GET"]}}],"collection":[{"href":"https:\/\/confenacoope.com\/index.php\/wp-json\/wp\/v2\/pages"}],"about":[{"href":"https:\/\/confenacoope.com\/index.php\/wp-json\/wp\/v2\/types\/page"}],"author":[{"embeddable":true,"href":"https:\/\/confenacoope.com\/index.php\/wp-json\/wp\/v2\/users\/1"}],"replies":[{"embeddable":true,"href":"https:\/\/confenacoope.com\/index.php\/wp-json\/wp\/v2\/comments?post=38"}],"version-history":[{"count":63,"href":"https:\/\/confenacoope.com\/index.php\/wp-json\/wp\/v2\/pages\/38\/revisions"}],"predecessor-version":[{"id":1026,"href":"https:\/\/confenacoope.com\/index.php\/wp-json\/wp\/v2\/pages\/38\/revisions\/1026"}],"wp:attachment":[{"href":"https:\/\/confenacoope.com\/index.php\/wp-json\/wp\/v2\/media?parent=38"}],"curies":[{"name":"wp","href":"https:\/\/api.w.org\/{rel}","templated":true}]}}