{"id":343,"date":"2024-03-15T18:40:17","date_gmt":"2024-03-15T18:40:17","guid":{"rendered":"https:\/\/confenacoope.com\/?page_id=343"},"modified":"2024-04-13T18:27:55","modified_gmt":"2024-04-13T18:27:55","slug":"principios-y-valores","status":"publish","type":"page","link":"https:\/\/confenacoope.com\/index.php\/principios-y-valores\/","title":{"rendered":"Principios y valores"},"content":{"rendered":"\n<div class=\"wp-block-group alignfull has-background has-global-padding is-layout-constrained wp-container-core-group-is-layout-16bb5241 wp-block-group-is-layout-constrained\" style=\"background-color:#e0e0db;min-height:0px;margin-top:0;margin-bottom:0;padding-top:var(--wp--preset--spacing--40);padding-right:var(--wp--preset--spacing--10);padding-bottom:var(--wp--preset--spacing--40);padding-left:var(--wp--preset--spacing--10);background-image:url(&#039;https:\/\/confenacoope.com\/wp-content\/uploads\/2024\/04\/principios24.jpg&#039;);background-size:cover;\">\n<h2 class=\"wp-block-heading alignwide has-text-align-center has-text-color has-background has-link-color has-xx-large-font-size wp-elements-48512c575903e6b2ef02094d5df2b2aa\" style=\"color:#ffffff;background-color:#409fde00\"><strong>PRINCIPIOS Y VALORES COOPERATIVOS<\/strong><\/h2>\n<\/div>\n\n\n\n<div class=\"wp-block-group alignfull has-background has-global-padding is-layout-constrained wp-container-core-group-is-layout-eb524166 wp-block-group-is-layout-constrained\" style=\"background-color:#e0e0db;padding-top:var(--wp--preset--spacing--40);padding-right:var(--wp--preset--spacing--30);padding-bottom:var(--wp--preset--spacing--40);padding-left:var(--wp--preset--spacing--30)\">\n<div class=\"wp-block-columns is-layout-flex wp-container-core-columns-is-layout-28f84493 wp-block-columns-is-layout-flex\">\n<div class=\"wp-block-column is-layout-flow wp-block-column-is-layout-flow\">\n<figure class=\"wp-block-image aligncenter size-full is-resized\"><a href=\"https:\/\/ncbaclusa.coop\/\"><img loading=\"lazy\" decoding=\"async\" width=\"474\" height=\"474\" src=\"https:\/\/confenacoope.com\/wp-content\/uploads\/2024\/03\/OIP-3.jpg\" alt=\"\" class=\"wp-image-352\" style=\"width:106px;height:auto\" srcset=\"https:\/\/confenacoope.com\/wp-content\/uploads\/2024\/03\/OIP-3.jpg 474w, https:\/\/confenacoope.com\/wp-content\/uploads\/2024\/03\/OIP-3-300x300.jpg 300w, https:\/\/confenacoope.com\/wp-content\/uploads\/2024\/03\/OIP-3-150x150.jpg 150w\" sizes=\"auto, (max-width: 474px) 100vw, 474px\" \/><\/a><\/figure>\n<\/div>\n\n\n\n<div class=\"wp-block-column is-layout-flow wp-block-column-is-layout-flow\">\n<figure class=\"wp-block-image aligncenter size-full is-resized has-custom-border\"><a href=\"https:\/\/aciamericas.coop\/\"><img loading=\"lazy\" decoding=\"async\" width=\"950\" height=\"633\" src=\"https:\/\/confenacoope.com\/wp-content\/uploads\/2024\/03\/82540a639aa842747ec69bb123a285fe.jpg\" alt=\"\" class=\"has-border-color has-accent-5-border-color wp-image-350\" style=\"width:158px;height:auto\" srcset=\"https:\/\/confenacoope.com\/wp-content\/uploads\/2024\/03\/82540a639aa842747ec69bb123a285fe.jpg 950w, https:\/\/confenacoope.com\/wp-content\/uploads\/2024\/03\/82540a639aa842747ec69bb123a285fe-300x200.jpg 300w, https:\/\/confenacoope.com\/wp-content\/uploads\/2024\/03\/82540a639aa842747ec69bb123a285fe-768x512.jpg 768w\" sizes=\"auto, (max-width: 950px) 100vw, 950px\" \/><\/a><\/figure>\n<\/div>\n\n\n\n<div class=\"wp-block-column is-layout-flow wp-block-column-is-layout-flow\">\n<figure class=\"wp-block-image aligncenter size-full is-resized has-custom-border\"><a href=\"https:\/\/www.ilo.org\/global\/lang--es\/index.htm\"><img loading=\"lazy\" decoding=\"async\" width=\"523\" height=\"480\" src=\"https:\/\/confenacoope.com\/wp-content\/uploads\/2024\/03\/c05f87eb23f1010633e2aa1a71ce8c9c.jpg\" alt=\"\" class=\"has-border-color has-accent-5-border-color wp-image-353\" style=\"width:111px;height:auto\" srcset=\"https:\/\/confenacoope.com\/wp-content\/uploads\/2024\/03\/c05f87eb23f1010633e2aa1a71ce8c9c.jpg 523w, https:\/\/confenacoope.com\/wp-content\/uploads\/2024\/03\/c05f87eb23f1010633e2aa1a71ce8c9c-300x275.jpg 300w\" sizes=\"auto, (max-width: 523px) 100vw, 523px\" \/><\/a><\/figure>\n<\/div>\n<\/div>\n\n\n\n<div class=\"wp-block-kadence-spacer aligncenter kt-block-spacer-343_cbd9c7-26\"><div class=\"kt-block-spacer kt-block-spacer-halign-center\"><hr class=\"kt-divider\"\/><\/div><\/div>\n\n\n\n<h2 class=\"wp-block-heading alignwide has-text-align-center has-text-color has-link-color has-xx-large-font-size wp-elements-8eeadb73fcf59f0b70ba0b17539acf59\" style=\"color:#253551\"><strong>QU\u00c9 ES UNA COOPERATIVA<\/strong><\/h2>\n\n\n\n<div class=\"wp-block-kadence-spacer aligncenter kt-block-spacer-343_2caf81-9b\"><div class=\"kt-block-spacer kt-block-spacer-halign-center\"><hr class=\"kt-divider\"\/><\/div><\/div>\n\n\n\n<p class=\"has-text-align-center has-contrast-color has-text-color has-link-color wp-elements-b4b497e4461bd81c5c4e86618ad833f0\"><a href=\"https:\/\/www.ica.coop\/es\/cooperativas\/identidad-alianza-cooperativa-internacional\" target=\"_blank\" rel=\"noreferrer noopener\">La Declaraci\u00f3n sobre Identidad Cooperativa<\/a>&nbsp;adoptada por la Alianza Cooperativa Internacional en 1995 define las cooperativas como <em>\u201cuna asociaci\u00f3n aut\u00f3noma de personas unidas voluntariamente para satisfacer sus necesidades y aspiraciones econ\u00f3micas, sociales y culturales comunes a trav\u00e9s de una empresa de propiedad conjunta y controlada democr\u00e1ticamente\u201d.<\/em> En resumen, son empresas propiedad de sus miembros, controladas por ellos y en su beneficio.<\/p>\n\n\n\n<p class=\"has-text-align-center has-contrast-color has-text-color has-link-color wp-elements-449e672234be71315d334c45670221b9\">Las cooperativas son a la vez asociaciones de personas y empresas econ\u00f3micas de pleno derecho. Desde fuera, pueden parecerse a cualquier otra empresa, <em>pero su rasgo distintivo es que son propiedad y est\u00e1n controladas por sus miembros, que toman las decisiones democr\u00e1ticamente<\/em>. La norma b\u00e1sica de las cooperativas es \u201cun socio, un voto\u201d. En otras palabras, los socios tienen la misma voz, independientemente de la cantidad de capital que aporten a la empresa.<\/p>\n\n\n\n<div class=\"wp-block-kadence-spacer aligncenter kt-block-spacer-343_d3fc6b-44\"><div class=\"kt-block-spacer kt-block-spacer-halign-center\"><hr class=\"kt-divider\"\/><\/div><\/div>\n\n\n\n<div class=\"wp-block-columns alignwide is-layout-flex wp-container-core-columns-is-layout-28f84493 wp-block-columns-is-layout-flex\">\n<div class=\"wp-block-column is-layout-flow wp-block-column-is-layout-flow\">\n<h2 class=\"wp-block-heading has-text-align-center has-text-color has-link-color wp-elements-008a680e21bf2304658f2056d39c4301\" style=\"color:#253551\"><strong>PRINCIPIOS<\/strong><\/h2>\n\n\n\n<p class=\"has-contrast-color has-text-color has-link-color has-small-font-size wp-elements-bcaa895c4756c6fe286c686854359411\">Los principios son 7 y son los lineamientos por medio de los cuales se ponen en pr\u00e1ctica los valores del&nbsp;<a href=\"https:\/\/blog.coomeva.com.co\/post\/conoce-los-principios-del-cooperativismo\/112\" target=\"_blank\" rel=\"noreferrer noopener\">cooperativismo<\/a>. De manera concreta los principios son: &nbsp;<\/p>\n\n\n\n<ol class=\"wp-block-list\">\n<li class=\"has-small-font-size\"><strong>Asociaci\u00f3n abierta y voluntaria<\/strong>:&nbsp;las cooperativas est\u00e1n abiertas a todas las personas. No hay discriminaci\u00f3n pol\u00edtica, religiosa, racial o de g\u00e9nero. No se debe forzar a pertenecer a nadie sino educar.<br><\/li>\n\n\n\n<li class=\"has-small-font-size\"><strong>Control democr\u00e1tico por los socios:<\/strong>&nbsp;los socios administran y toman activamente las decisiones.<br><\/li>\n\n\n\n<li class=\"has-small-font-size\"><strong>Participaci\u00f3n econ\u00f3mica de los socios:&nbsp;<\/strong>los socios contribuyen equitativamente al capital de la cooperativa.<br><\/li>\n\n\n\n<li class=\"has-small-font-size\"><strong>Autonom\u00eda e independencia:<\/strong>&nbsp;las cooperativas son aut\u00f3nomas y las decisiones las toman los socios. Esto se mantiene a\u00fan cuando se realicen alianzas o asociaciones con otras entidades.<br><\/li>\n\n\n\n<li class=\"has-small-font-size\"><strong>Educaci\u00f3n, capacitaci\u00f3n e informaci\u00f3n:&nbsp;<\/strong>las cooperativas educan y forman a sus asociados. Lo hacen no s\u00f3lo en temas de cooperativismo sino en temas que aporten al crecimiento social. El impacto de las nuevas tecnolog\u00edas ha sido muy importante. Con el uso de plataformas digitales, los procesos de formaci\u00f3n se han fortalecido.<br><\/li>\n\n\n\n<li class=\"has-small-font-size\"><strong>Cooperaci\u00f3n entre cooperativas:&nbsp;<\/strong>el movimiento cooperativo se fortalece en la acci\u00f3n conjunta de las cooperativas. Es clave que en su accionar se encuentren alianzas o cooperaciones entre entidades del sector.<br><\/li>\n\n\n\n<li class=\"has-small-font-size\">&nbsp;<strong>Compromiso con la comunidad:<\/strong>&nbsp;las cooperativas trabajan por el desarrollo sustentable de sus comunidades.<br><\/li>\n<\/ol>\n\n\n\n<p class=\"has-contrast-color has-text-color has-link-color has-small-font-size wp-elements-908a7ed78a5d39126bd3ea7348add95a\">Estos&nbsp;<strong>principios<\/strong>&nbsp;fueron establecidos en 1995 por la Alianza Cooperativa Internacional. Su aplicaci\u00f3n contribuye al mejoramiento de la calidad de vida de los asociados y sus familias.<\/p>\n<\/div>\n\n\n\n<div class=\"wp-block-column is-layout-flow wp-block-column-is-layout-flow\" style=\"flex-basis:30px\"><\/div>\n\n\n\n<div class=\"wp-block-column is-layout-flow wp-block-column-is-layout-flow\">\n<h2 class=\"wp-block-heading has-text-align-center has-text-color has-link-color wp-elements-f40279a83e8191ac0d813b4a2d9cccc3\" style=\"color:#253551\"><strong>VALORES<\/strong><\/h2>\n\n\n\n<p class=\"has-contrast-color has-text-color has-link-color has-small-font-size wp-elements-61ef1e688f2cf4f3aca37e7dab076e0d\" style=\"margin-right:var(--wp--preset--spacing--20);margin-left:var(--wp--preset--spacing--20)\">Los valores cooperativos sirven como pautas para todas las organizaciones cooperativas y sus miembros.&nbsp;Hay seis valores cooperativos principales:<\/p>\n\n\n\n<ol class=\"has-small-font-size wp-block-list\">\n<li style=\"margin-right:var(--wp--preset--spacing--20);margin-left:var(--wp--preset--spacing--20)\"><strong>Autoayuda:<\/strong>&nbsp;Las cooperativas est\u00e1n orientadas a crear una comunidad donde todos los miembros se benefician equitativamente.&nbsp;Para lograr este ideal, los miembros deben ayudarse a s\u00ed mismos y al mismo tiempo ayudarse unos a otros.<\/li>\n\n\n\n<li style=\"margin-right:var(--wp--preset--spacing--20);margin-left:var(--wp--preset--spacing--20)\"><strong>Auto-responsabilidad:<\/strong>&nbsp;Gran parte de la ideolog\u00eda cooperativa se basa en la idea de que cada miembro individual es individualmente responsable dentro del grupo.&nbsp;Deben ser responsables y desempe\u00f1ar su papel por s\u00ed mismos, sin necesidad de incentivos o motivaciones externas.<\/li>\n\n\n\n<li style=\"margin-right:var(--wp--preset--spacing--20);margin-left:var(--wp--preset--spacing--20)\"><strong>Democracia:<\/strong>&nbsp;La estructura democr\u00e1tica es crucial para operar una cooperativa exitosa.&nbsp;La organizaci\u00f3n existe para que todos los miembros tengan el control, y ning\u00fan individuo tiene m\u00e1s poder que los dem\u00e1s.&nbsp;Los miembros eligen representantes por medio de votaciones, y cada individuo tiene un voto por elecci\u00f3n.<\/li>\n\n\n\n<li style=\"margin-right:var(--wp--preset--spacing--20);margin-left:var(--wp--preset--spacing--20)\"><strong>Igualdad:<\/strong>&nbsp;Cada miembro de una cooperativa debe beneficiarse de los mismos derechos, en funci\u00f3n de su nivel de contribuci\u00f3n.<\/li>\n\n\n\n<li style=\"margin-right:var(--wp--preset--spacing--20);margin-left:var(--wp--preset--spacing--20)\"><strong>Equidad:<\/strong>&nbsp;Las organizaciones cooperativas deben tratar a todos los miembros de manera justa, sin ning\u00fan tipo de discriminaci\u00f3n.&nbsp;La equidad es esencial para crear una relaci\u00f3n armoniosa entre todos los miembros.<\/li>\n\n\n\n<li style=\"margin-right:var(--wp--preset--spacing--20);margin-left:var(--wp--preset--spacing--20)\"><strong>Solidaridad:<\/strong>&nbsp;Los miembros dentro de una cooperativa forman una organizaci\u00f3n unificada donde todos los individuos se apoyan unos a otros.&nbsp;Cada organizaci\u00f3n tambi\u00e9n apoya a otras cooperativas para formar una red unida.<\/li>\n<\/ol>\n\n\n\n<p class=\"has-contrast-color has-text-color has-link-color has-small-font-size wp-elements-1c8d9ea1d8f93e90dd8686b338cfb0cd\" style=\"margin-right:var(--wp--preset--spacing--20);margin-left:var(--wp--preset--spacing--20)\">Adem\u00e1s de los principales valores cooperativos, existe tambi\u00e9n un conjunto de valores \u00e9ticos.&nbsp;Son \u00e9ticas tradicionales establecidas por los fundadores de la organizaci\u00f3n cooperativa.&nbsp;Todas las cooperativas funcionan bajo los ideales de honestidad, apertura, responsabilidad social y preocupaci\u00f3n por los dem\u00e1s.<\/p>\n<\/div>\n<\/div>\n<\/div>\n","protected":false},"excerpt":{"rendered":"<p>PRINCIPIOS Y VALORES COOPERATIVOS QU\u00c9 ES UNA COOPERATIVA La Declaraci\u00f3n sobre Identidad Cooperativa&nbsp;adoptada por la Alianza Cooperativa Internacional en 1995 define las cooperativas como \u201cuna asociaci\u00f3n aut\u00f3noma de personas unidas voluntariamente para satisfacer sus necesidades y aspiraciones econ\u00f3micas, sociales y culturales comunes a trav\u00e9s de una empresa de propiedad conjunta y controlada democr\u00e1ticamente\u201d. En resumen, [&hellip;]<\/p>\n","protected":false},"author":1,"featured_media":0,"parent":0,"menu_order":0,"comment_status":"closed","ping_status":"closed","template":"","meta":{"footnotes":""},"class_list":["post-343","page","type-page","status-publish","hentry"],"_links":{"self":[{"href":"https:\/\/confenacoope.com\/index.php\/wp-json\/wp\/v2\/pages\/343","targetHints":{"allow":["GET"]}}],"collection":[{"href":"https:\/\/confenacoope.com\/index.php\/wp-json\/wp\/v2\/pages"}],"about":[{"href":"https:\/\/confenacoope.com\/index.php\/wp-json\/wp\/v2\/types\/page"}],"author":[{"embeddable":true,"href":"https:\/\/confenacoope.com\/index.php\/wp-json\/wp\/v2\/users\/1"}],"replies":[{"embeddable":true,"href":"https:\/\/confenacoope.com\/index.php\/wp-json\/wp\/v2\/comments?post=343"}],"version-history":[{"count":19,"href":"https:\/\/confenacoope.com\/index.php\/wp-json\/wp\/v2\/pages\/343\/revisions"}],"predecessor-version":[{"id":1055,"href":"https:\/\/confenacoope.com\/index.php\/wp-json\/wp\/v2\/pages\/343\/revisions\/1055"}],"wp:attachment":[{"href":"https:\/\/confenacoope.com\/index.php\/wp-json\/wp\/v2\/media?parent=343"}],"curies":[{"name":"wp","href":"https:\/\/api.w.org\/{rel}","templated":true}]}}