{"id":1138,"date":"2024-11-26T02:28:18","date_gmt":"2024-11-26T02:28:18","guid":{"rendered":"https:\/\/confenacoope.com\/?page_id=1138"},"modified":"2024-11-28T00:58:24","modified_gmt":"2024-11-28T00:58:24","slug":"podcast-3-confenacoop","status":"publish","type":"page","link":"https:\/\/confenacoope.com\/index.php\/podcast-3-confenacoop\/","title":{"rendered":"Podcast 3 Confenacoop"},"content":{"rendered":"<div class=\"kb-row-layout-wrap kb-row-layout-id1138_32eaaa-ac alignfull has-theme-palette8-background-color kt-row-has-bg wp-block-kadence-rowlayout\"><div class=\"kt-row-layout-overlay kt-row-overlay-normal\"><\/div><div class=\"kt-row-column-wrap kt-has-2-columns kt-row-layout-equal kt-tab-layout-row kt-mobile-layout-row kt-row-valign-top\">\n\n<div class=\"wp-block-kadence-column kadence-column1138_c0912c-ae\"><div class=\"kt-inside-inner-col\">\n<div class=\"wp-block-columns is-layout-flex wp-container-core-columns-is-layout-28f84493 wp-block-columns-is-layout-flex\">\n<div class=\"wp-block-column is-layout-flow wp-block-column-is-layout-flow\"><\/div>\n<\/div>\n\n\n\n<figure data-wp-context=\"{&quot;imageId&quot;:&quot;69f502bc7d079&quot;}\" data-wp-interactive=\"core\/image\" class=\"wp-block-image size-full wp-lightbox-container\"><img loading=\"lazy\" decoding=\"async\" width=\"415\" height=\"592\" data-wp-class--hide=\"state.isContentHidden\" data-wp-class--show=\"state.isContentVisible\" data-wp-init=\"callbacks.setButtonStyles\" data-wp-on-async--click=\"actions.showLightbox\" data-wp-on-async--load=\"callbacks.setButtonStyles\" data-wp-on-async-window--resize=\"callbacks.setButtonStyles\" src=\"https:\/\/confenacoope.com\/wp-content\/uploads\/2024\/11\/Captura-de-pantalla-2024-11-25-212311.png\" alt=\"\" class=\"wp-image-1139\" srcset=\"https:\/\/confenacoope.com\/wp-content\/uploads\/2024\/11\/Captura-de-pantalla-2024-11-25-212311.png 415w, https:\/\/confenacoope.com\/wp-content\/uploads\/2024\/11\/Captura-de-pantalla-2024-11-25-212311-210x300.png 210w\" sizes=\"auto, (max-width: 415px) 100vw, 415px\" \/><button\n\t\t\tclass=\"lightbox-trigger\"\n\t\t\ttype=\"button\"\n\t\t\taria-haspopup=\"dialog\"\n\t\t\taria-label=\"Agrandar\"\n\t\t\tdata-wp-init=\"callbacks.initTriggerButton\"\n\t\t\tdata-wp-on-async--click=\"actions.showLightbox\"\n\t\t\tdata-wp-style--right=\"state.imageButtonRight\"\n\t\t\tdata-wp-style--top=\"state.imageButtonTop\"\n\t\t>\n\t\t\t<svg xmlns=\"http:\/\/www.w3.org\/2000\/svg\" width=\"12\" height=\"12\" fill=\"none\" viewBox=\"0 0 12 12\">\n\t\t\t\t<path fill=\"#fff\" d=\"M2 0a2 2 0 0 0-2 2v2h1.5V2a.5.5 0 0 1 .5-.5h2V0H2Zm2 10.5H2a.5.5 0 0 1-.5-.5V8H0v2a2 2 0 0 0 2 2h2v-1.5ZM8 12v-1.5h2a.5.5 0 0 0 .5-.5V8H12v2a2 2 0 0 1-2 2H8Zm2-12a2 2 0 0 1 2 2v2h-1.5V2a.5.5 0 0 0-.5-.5H8V0h2Z\" \/>\n\t\t\t<\/svg>\n\t\t<\/button><\/figure>\n<\/div><\/div>\n\n\n\n<div class=\"wp-block-kadence-column kadence-column1138_ea6086-a8\"><div class=\"kt-inside-inner-col\">\n<style>\r\n .player1151  .plyr__controls,\r\n .player1151 .StampAudioPlayerSkin{\r\n  border-radius: 10px;\r\n  overflow: hidden;\r\n }\r\n .player1151{\r\n  margin: 0 auto; }\r\n .player1151 .plyr__controls .plyr__controls {\r\n   border-radius: none;\r\n   overflow: visible;\r\n }\r\n .skin_default .player1151 .plyr__controls {\r\n   overflow: visible;\r\n }\r\n <\/style>\r\n<div class=\"skin_default\" id=\"skin_default\">\r\n  <div style=\"width:100%;--plyr-color-bg:#333\" class=\"h5ap_standard_player player1151\" \r\n  data-poster=\"https:\/\/confenacoope.com\/wp-content\/plugins\/html5-audio-player\/shortcode\/player\/sticky-default.jpg\" \r\n  data-skin=\"default\" \r\n  data-title=\"Audio Title\" \r\n  data-song=\"https:\/\/confenacoope.com\/wp-content\/uploads\/2024\/11\/Peruvian-Cooperative-Integration_-A-Minimum-Program-online-audio-converter.com_.mp3\" \r\n  data-id=\"1151\" \r\n  data-options='{&quot;controls&quot;:[&quot;play&quot;,&quot;progress&quot;,&quot;duration&quot;,&quot;mute&quot;,&quot;volume&quot;,&quot;settings&quot;],&quot;seekTime&quot;:10,&quot;skin&quot;:&quot;default&quot;,&quot;title&quot;:&quot;Audio Title&quot;,&quot;author&quot;:&quot;Author Name&quot;,&quot;disableDownload&quot;:false,&quot;fusionDownload&quot;:true,&quot;color&quot;:&quot;skyblue&quot;,&quot;background&quot;:&quot;#333&quot;,&quot;repeat&quot;:false,&quot;type&quot;:&quot;opt-1&quot;,&quot;autoplay&quot;:false,&quot;muted&quot;:false,&quot;disablePause&quot;:false,&quot;startTime&quot;:0}'>\r\n    <audio  playsinline preload=\"auto\" class=\"player1151\" id=\"player1151\">\r\n      <source src=\"https:\/\/confenacoope.com\/wp-content\/uploads\/2024\/11\/Peruvian-Cooperative-Integration_-A-Minimum-Program-online-audio-converter.com_.mp3\" type=\"audio\/mp3\">\r\n        Your browser does not support the audio element.\r\n    <\/audio>\r\n          <div class=\"h5ap_lp\">\r\n        <div class=\"bar bar-1\"><\/div>\r\n        <div class=\"bar bar-1\"><\/div>\r\n      <\/div>\r\n      <\/div>\r\n<\/div>\n\n\n\n<div class=\"wp-block-kadence-spacer aligncenter kt-block-spacer-1138_85882b-c9\"><div class=\"kt-block-spacer kt-block-spacer-halign-center\"><hr class=\"kt-divider\"\/><\/div><\/div>\n\n\n\n<div class=\"wp-block-group has-global-padding is-layout-constrained wp-block-group-is-layout-constrained\">\n<p class=\"has-base-color has-text-color has-link-color has-small-font-size wp-elements-d354de0d0c3fbf1b3a667b28be8146b3\" style=\"margin-right:var(--wp--preset--spacing--50);margin-left:var(--wp--preset--spacing--30)\">PODCAST SOBRE EL LIBRO COMO CREAR ALIANZAS DE INTEGRACION COOPERATIVA.<\/p>\n\n\n\n<div class=\"wp-block-kadence-spacer aligncenter kt-block-spacer-1138_bf5816-c0\"><div class=\"kt-block-spacer kt-block-spacer-halign-center\"><hr class=\"kt-divider\"\/><\/div><\/div>\n\n\n\n<p class=\"has-base-color has-text-color has-link-color has-small-font-size wp-elements-658855b0e8313a84f96e39377a21af8d\" style=\"margin-top:0;margin-right:var(--wp--preset--spacing--60);margin-left:var(--wp--preset--spacing--50);padding-top:0;padding-right:var(--wp--preset--spacing--20);padding-bottom:0;padding-left:var(--wp--preset--spacing--20)\">Este documento presenta una propuesta para un programa m\u00ednimo de integraci\u00f3n cooperativa en Per\u00fa. El programa busca promover la colaboraci\u00f3n entre cooperativas a trav\u00e9s de la construcci\u00f3n de redes, la promoci\u00f3n de proyectos ecol\u00f3gicos, el fomento de la equidad de g\u00e9nero y la reducci\u00f3n de la brecha generacional, el intercambio de experiencias, la realizaci\u00f3n de ferias de integraci\u00f3n local y la capacitaci\u00f3n intercooperativa. Tambi\u00e9n se enfatiza la importancia de los valores \u00e9ticos y la necesidad de visibilizar al sector cooperativo para aumentar su impacto social y econ\u00f3mico.<\/p>\n\n\n\n<p class=\"has-base-color has-text-color has-link-color has-small-font-size wp-elements-40c2bba4e0aaf0be893eaabf3f9c1134\" style=\"margin-top:0;margin-right:var(--wp--preset--spacing--60);margin-left:var(--wp--preset--spacing--50);padding-top:0;padding-right:var(--wp--preset--spacing--20);padding-bottom:0;padding-left:var(--wp--preset--spacing--20)\"><\/p>\n<\/div>\n<\/div><\/div>\n\n<\/div><\/div>\n\n\n<p><\/p>\n\n\n\n<p><\/p>\n\n\n\n<div class=\"wp-block-columns is-layout-flex wp-container-core-columns-is-layout-28f84493 wp-block-columns-is-layout-flex\">\n<div class=\"wp-block-column is-layout-flow wp-block-column-is-layout-flow\">\n<p><\/p>\n<\/div>\n\n\n\n<div class=\"wp-block-column is-layout-flow wp-block-column-is-layout-flow\"><\/div>\n<\/div>\n\n\n\n<p><\/p>\n\n\n\n<p><\/p>\n\n\n\n<p><\/p>\n","protected":false},"excerpt":{"rendered":"<p>PODCAST SOBRE EL LIBRO COMO CREAR ALIANZAS DE INTEGRACION COOPERATIVA. Este documento presenta una propuesta para un programa m\u00ednimo de integraci\u00f3n cooperativa en Per\u00fa. El programa busca promover la colaboraci\u00f3n entre cooperativas a trav\u00e9s de la construcci\u00f3n de redes, la promoci\u00f3n de proyectos ecol\u00f3gicos, el fomento de la equidad de g\u00e9nero y la reducci\u00f3n de [&hellip;]<\/p>\n","protected":false},"author":1,"featured_media":0,"parent":0,"menu_order":0,"comment_status":"closed","ping_status":"closed","template":"","meta":{"footnotes":""},"class_list":["post-1138","page","type-page","status-publish","hentry"],"_links":{"self":[{"href":"https:\/\/confenacoope.com\/index.php\/wp-json\/wp\/v2\/pages\/1138","targetHints":{"allow":["GET"]}}],"collection":[{"href":"https:\/\/confenacoope.com\/index.php\/wp-json\/wp\/v2\/pages"}],"about":[{"href":"https:\/\/confenacoope.com\/index.php\/wp-json\/wp\/v2\/types\/page"}],"author":[{"embeddable":true,"href":"https:\/\/confenacoope.com\/index.php\/wp-json\/wp\/v2\/users\/1"}],"replies":[{"embeddable":true,"href":"https:\/\/confenacoope.com\/index.php\/wp-json\/wp\/v2\/comments?post=1138"}],"version-history":[{"count":6,"href":"https:\/\/confenacoope.com\/index.php\/wp-json\/wp\/v2\/pages\/1138\/revisions"}],"predecessor-version":[{"id":1150,"href":"https:\/\/confenacoope.com\/index.php\/wp-json\/wp\/v2\/pages\/1138\/revisions\/1150"}],"wp:attachment":[{"href":"https:\/\/confenacoope.com\/index.php\/wp-json\/wp\/v2\/media?parent=1138"}],"curies":[{"name":"wp","href":"https:\/\/api.w.org\/{rel}","templated":true}]}}